{"id":24,"date":"2019-07-12T11:50:11","date_gmt":"2019-07-12T09:50:11","guid":{"rendered":"http:\/\/wordp.ringstedkoret.dk\/?page_id=24"},"modified":"2025-11-03T23:18:39","modified_gmt":"2025-11-03T22:18:39","slug":"dirigenten","status":"publish","type":"page","link":"https:\/\/ringstedkoret.dk\/index.php\/dirigenten\/","title":{"rendered":"Dirigenten"},"content":{"rendered":"\n<p>Ida Nystad er startet som Ringstedkorets dirigent d. 28. okt. 2025. <\/p>\n\n\n\n<p>Ida er uddannet pianist, underviser i klaver og har i efter\u00e5ret 2025 v\u00e6ret organistvikar ved Alsted- Fjenneslev- Slaglille- og Bjernede kirker og leder af Hvidekoret i Sor\u00f8.<\/p>\n\n\n\n<p>Ida Nystad er uddannet fra Musikakademiet i Krakow i Polen hos professor Miroslaw Herbowski, hvor hun blev kandidat med udm\u00e6rkelse i oktober 2019. Efter hendes kandidateksamen blev hun optaget p\u00e5 post-graduate studier, svarende til dansk solistklasse, hos pianist og professor Mariola Cieniawa ligeledes p\u00e5 Musikakademiet i Krakow. Hun afsluttede sine solistklassestudier ved en koncert-eksamen i oktober 2021. F\u00f8r studierne i Krakow studerede hun blandt andet p\u00e5 MGK hos professor Anne \u00d8land, hos pianisten Nina Kavtaradze og hos pianist Susanne Germer.<\/p>\n\n\n\n<p>Ida har givet koncerter over hele verden; i mange byer i Polen og Danmark, i Italien, Letland, USA, Canada, Tyskland og i \u00d8strig, hvor hun har spillet i Wien adskillige gange blandt andet i Altes Rathaus Baroksal i Wiens centrum. I 2019 turnerede hun p\u00e5 Island med koncerter i Reykjavik, Akranes og Borganes.<\/p>\n\n\n\n<p>Ida Nystad er prismodtager i den internationale klaverkonkurrence Music Without Limits i Litauen.<\/p>\n\n\n\n<p>Ida Nystad er ligeledes en erfaren og eftertragtet kammermusiker og siden 2020 medarrang\u00f8r af koncertr\u00e6kken L\u00f8vehave Koncerter \u2013 en lokal kammermusikfestival med internationalt anerkendte musikere. Meget mere om Ida og \u2019L\u00f8vehave Koncerter\u2019 p\u00e5 hjemmesiden <a href=\"https:\/\/loevehave.dk\/om-loevehave-koncerter\/\">https:\/\/loevehave.dk\/om-loevehave-koncerter\/<\/a><\/p>\n\n\n\n<figure class=\"extendedwopts-md-center wp-block-image size-full is-resized\"><img loading=\"lazy\" decoding=\"async\" width=\"331\" height=\"331\" src=\"http:\/\/ringstedkoret.dk\/wp-content\/uploads\/Medlemslister\/Medlemsfotos\/Ida-Nystad.jpg\" alt=\"\" class=\"wp-image-18684\" style=\"width:159px;height:auto\" srcset=\"https:\/\/ringstedkoret.dk\/wp-content\/uploads\/Medlemslister\/Medlemsfotos\/Ida-Nystad.jpg 331w, https:\/\/ringstedkoret.dk\/wp-content\/uploads\/Medlemslister\/Medlemsfotos\/Ida-Nystad-300x300.jpg 300w, https:\/\/ringstedkoret.dk\/wp-content\/uploads\/Medlemslister\/Medlemsfotos\/Ida-Nystad-150x150.jpg 150w\" sizes=\"auto, (max-width: 331px) 100vw, 331px\" \/><\/figure>\n","protected":false},"excerpt":{"rendered":"<p>Ida Nystad er startet som Ringstedkorets dirigent d. 28. okt. 2025. Ida er uddannet pianist, underviser i klaver og har i efter\u00e5ret 2025 v\u00e6ret organistvikar ved Alsted- Fjenneslev- Slaglille- og Bjernede kirker og leder af Hvidekoret i Sor\u00f8. Ida Nystad er uddannet fra Musikakademiet i Krakow i Polen hos professor Miroslaw Herbowski, hvor hun blev [&hellip;]<\/p>\n","protected":false},"author":3,"featured_media":0,"parent":0,"menu_order":11,"comment_status":"closed","ping_status":"closed","template":"","meta":{"footnotes":""},"class_list":["post-24","page","type-page","status-publish","czr-hentry"],"featured_image_urls_v2":{"full":"","thumbnail":"","medium":"","medium_large":"","large":"","1536x1536":"","2048x2048":"","tc-grid-full":"","tc-grid":"","tc-thumb":"","slider-full":"","slider":"","tc-sq-thumb":"","tc-ws-thumb":"","tc-ws-small-thumb":"","tc-slider-small":""},"post_excerpt_stackable_v2":"<p>Ida Nystad er startet som Ringstedkorets dirigent d. 28. okt. 2025. Ida er uddannet pianist, underviser i klaver og har i efter\u00e5ret 2025 v\u00e6ret organistvikar ved Alsted- Fjenneslev- Slaglille- og Bjernede kirker og leder af Hvidekoret i Sor\u00f8. Ida Nystad er uddannet fra Musikakademiet i Krakow i Polen hos professor Miroslaw Herbowski, hvor hun blev kandidat med udm\u00e6rkelse i oktober 2019. Efter hendes kandidateksamen blev hun optaget p\u00e5 post-graduate studier, svarende til dansk solistklasse, hos pianist og professor Mariola Cieniawa ligeledes p\u00e5 Musikakademiet i Krakow. Hun afsluttede sine solistklassestudier ved en koncert-eksamen i oktober 2021. F\u00f8r studierne i Krakow studerede&hellip;<\/p>\n","category_list_v2":"","author_info_v2":{"name":"Rita","url":"https:\/\/ringstedkoret.dk\/index.php\/author\/rita\/"},"comments_num_v2":"0 comments","yoast_head":"<!-- This site is optimized with the Yoast SEO plugin v27.4 - https:\/\/yoast.com\/product\/yoast-seo-wordpress\/ -->\n<title>Dirigenten - Ringstedkoret<\/title>\n<meta name=\"robots\" content=\"index, follow, max-snippet:-1, max-image-preview:large, max-video-preview:-1\" \/>\n<link rel=\"canonical\" href=\"https:\/\/ringstedkoret.dk\/index.php\/dirigenten\/\" \/>\n<meta property=\"og:locale\" content=\"da_DK\" \/>\n<meta property=\"og:type\" content=\"article\" \/>\n<meta property=\"og:title\" content=\"Dirigenten - Ringstedkoret\" \/>\n<meta property=\"og:description\" content=\"Ida Nystad er startet som Ringstedkorets dirigent d. 28. okt. 2025. Ida er uddannet pianist, underviser i klaver og har i efter\u00e5ret 2025 v\u00e6ret organistvikar ved Alsted- Fjenneslev- Slaglille- og Bjernede kirker og leder af Hvidekoret i Sor\u00f8. Ida Nystad er uddannet fra Musikakademiet i Krakow i Polen hos professor Miroslaw Herbowski, hvor hun blev [&hellip;]\" \/>\n<meta property=\"og:url\" content=\"https:\/\/ringstedkoret.dk\/index.php\/dirigenten\/\" \/>\n<meta property=\"og:site_name\" content=\"Ringstedkoret\" \/>\n<meta property=\"article:modified_time\" content=\"2025-11-03T22:18:39+00:00\" \/>\n<meta property=\"og:image\" content=\"http:\/\/ringstedkoret.dk\/wp-content\/uploads\/Medlemslister\/Medlemsfotos\/Ida-Nystad.jpg\" \/>\n<meta name=\"twitter:card\" content=\"summary_large_image\" \/>\n<meta name=\"twitter:label1\" content=\"Estimeret l\u00e6setid\" \/>\n\t<meta name=\"twitter:data1\" content=\"2 minutter\" \/>\n<script type=\"application\/ld+json\" class=\"yoast-schema-graph\">{\"@context\":\"https:\\\/\\\/schema.org\",\"@graph\":[{\"@type\":\"WebPage\",\"@id\":\"https:\\\/\\\/ringstedkoret.dk\\\/index.php\\\/dirigenten\\\/\",\"url\":\"https:\\\/\\\/ringstedkoret.dk\\\/index.php\\\/dirigenten\\\/\",\"name\":\"Dirigenten - Ringstedkoret\",\"isPartOf\":{\"@id\":\"https:\\\/\\\/ringstedkoret.dk\\\/#website\"},\"primaryImageOfPage\":{\"@id\":\"https:\\\/\\\/ringstedkoret.dk\\\/index.php\\\/dirigenten\\\/#primaryimage\"},\"image\":{\"@id\":\"https:\\\/\\\/ringstedkoret.dk\\\/index.php\\\/dirigenten\\\/#primaryimage\"},\"thumbnailUrl\":\"http:\\\/\\\/ringstedkoret.dk\\\/wp-content\\\/uploads\\\/Medlemslister\\\/Medlemsfotos\\\/Ida-Nystad.jpg\",\"datePublished\":\"2019-07-12T09:50:11+00:00\",\"dateModified\":\"2025-11-03T22:18:39+00:00\",\"breadcrumb\":{\"@id\":\"https:\\\/\\\/ringstedkoret.dk\\\/index.php\\\/dirigenten\\\/#breadcrumb\"},\"inLanguage\":\"da-DK\",\"potentialAction\":[{\"@type\":\"ReadAction\",\"target\":[\"https:\\\/\\\/ringstedkoret.dk\\\/index.php\\\/dirigenten\\\/\"]}]},{\"@type\":\"ImageObject\",\"inLanguage\":\"da-DK\",\"@id\":\"https:\\\/\\\/ringstedkoret.dk\\\/index.php\\\/dirigenten\\\/#primaryimage\",\"url\":\"https:\\\/\\\/ringstedkoret.dk\\\/wp-content\\\/uploads\\\/Medlemslister\\\/Medlemsfotos\\\/Ida-Nystad.jpg\",\"contentUrl\":\"https:\\\/\\\/ringstedkoret.dk\\\/wp-content\\\/uploads\\\/Medlemslister\\\/Medlemsfotos\\\/Ida-Nystad.jpg\",\"width\":331,\"height\":331},{\"@type\":\"BreadcrumbList\",\"@id\":\"https:\\\/\\\/ringstedkoret.dk\\\/index.php\\\/dirigenten\\\/#breadcrumb\",\"itemListElement\":[{\"@type\":\"ListItem\",\"position\":1,\"name\":\"Hjem\",\"item\":\"https:\\\/\\\/ringstedkoret.dk\\\/\"},{\"@type\":\"ListItem\",\"position\":2,\"name\":\"Dirigenten\"}]},{\"@type\":\"WebSite\",\"@id\":\"https:\\\/\\\/ringstedkoret.dk\\\/#website\",\"url\":\"https:\\\/\\\/ringstedkoret.dk\\\/\",\"name\":\"Ringstedkoret\",\"description\":\"\",\"publisher\":{\"@id\":\"https:\\\/\\\/ringstedkoret.dk\\\/#organization\"},\"potentialAction\":[{\"@type\":\"SearchAction\",\"target\":{\"@type\":\"EntryPoint\",\"urlTemplate\":\"https:\\\/\\\/ringstedkoret.dk\\\/?s={search_term_string}\"},\"query-input\":{\"@type\":\"PropertyValueSpecification\",\"valueRequired\":true,\"valueName\":\"search_term_string\"}}],\"inLanguage\":\"da-DK\"},{\"@type\":\"Organization\",\"@id\":\"https:\\\/\\\/ringstedkoret.dk\\\/#organization\",\"name\":\"Ringstedkoret\",\"url\":\"https:\\\/\\\/ringstedkoret.dk\\\/\",\"logo\":{\"@type\":\"ImageObject\",\"inLanguage\":\"da-DK\",\"@id\":\"https:\\\/\\\/ringstedkoret.dk\\\/#\\\/schema\\\/logo\\\/image\\\/\",\"url\":\"https:\\\/\\\/ringstedkoret.dk\\\/wp-content\\\/uploads\\\/ikoner\\\/Logo-nyt.jpg\",\"contentUrl\":\"https:\\\/\\\/ringstedkoret.dk\\\/wp-content\\\/uploads\\\/ikoner\\\/Logo-nyt.jpg\",\"width\":203,\"height\":200,\"caption\":\"Ringstedkoret\"},\"image\":{\"@id\":\"https:\\\/\\\/ringstedkoret.dk\\\/#\\\/schema\\\/logo\\\/image\\\/\"}}]}<\/script>\n<!-- \/ Yoast SEO plugin. -->","yoast_head_json":{"title":"Dirigenten - Ringstedkoret","robots":{"index":"index","follow":"follow","max-snippet":"max-snippet:-1","max-image-preview":"max-image-preview:large","max-video-preview":"max-video-preview:-1"},"canonical":"https:\/\/ringstedkoret.dk\/index.php\/dirigenten\/","og_locale":"da_DK","og_type":"article","og_title":"Dirigenten - Ringstedkoret","og_description":"Ida Nystad er startet som Ringstedkorets dirigent d. 28. okt. 2025. Ida er uddannet pianist, underviser i klaver og har i efter\u00e5ret 2025 v\u00e6ret organistvikar ved Alsted- Fjenneslev- Slaglille- og Bjernede kirker og leder af Hvidekoret i Sor\u00f8. Ida Nystad er uddannet fra Musikakademiet i Krakow i Polen hos professor Miroslaw Herbowski, hvor hun blev [&hellip;]","og_url":"https:\/\/ringstedkoret.dk\/index.php\/dirigenten\/","og_site_name":"Ringstedkoret","article_modified_time":"2025-11-03T22:18:39+00:00","og_image":[{"url":"http:\/\/ringstedkoret.dk\/wp-content\/uploads\/Medlemslister\/Medlemsfotos\/Ida-Nystad.jpg","type":"","width":"","height":""}],"twitter_card":"summary_large_image","twitter_misc":{"Estimeret l\u00e6setid":"2 minutter"},"schema":{"@context":"https:\/\/schema.org","@graph":[{"@type":"WebPage","@id":"https:\/\/ringstedkoret.dk\/index.php\/dirigenten\/","url":"https:\/\/ringstedkoret.dk\/index.php\/dirigenten\/","name":"Dirigenten - Ringstedkoret","isPartOf":{"@id":"https:\/\/ringstedkoret.dk\/#website"},"primaryImageOfPage":{"@id":"https:\/\/ringstedkoret.dk\/index.php\/dirigenten\/#primaryimage"},"image":{"@id":"https:\/\/ringstedkoret.dk\/index.php\/dirigenten\/#primaryimage"},"thumbnailUrl":"http:\/\/ringstedkoret.dk\/wp-content\/uploads\/Medlemslister\/Medlemsfotos\/Ida-Nystad.jpg","datePublished":"2019-07-12T09:50:11+00:00","dateModified":"2025-11-03T22:18:39+00:00","breadcrumb":{"@id":"https:\/\/ringstedkoret.dk\/index.php\/dirigenten\/#breadcrumb"},"inLanguage":"da-DK","potentialAction":[{"@type":"ReadAction","target":["https:\/\/ringstedkoret.dk\/index.php\/dirigenten\/"]}]},{"@type":"ImageObject","inLanguage":"da-DK","@id":"https:\/\/ringstedkoret.dk\/index.php\/dirigenten\/#primaryimage","url":"https:\/\/ringstedkoret.dk\/wp-content\/uploads\/Medlemslister\/Medlemsfotos\/Ida-Nystad.jpg","contentUrl":"https:\/\/ringstedkoret.dk\/wp-content\/uploads\/Medlemslister\/Medlemsfotos\/Ida-Nystad.jpg","width":331,"height":331},{"@type":"BreadcrumbList","@id":"https:\/\/ringstedkoret.dk\/index.php\/dirigenten\/#breadcrumb","itemListElement":[{"@type":"ListItem","position":1,"name":"Hjem","item":"https:\/\/ringstedkoret.dk\/"},{"@type":"ListItem","position":2,"name":"Dirigenten"}]},{"@type":"WebSite","@id":"https:\/\/ringstedkoret.dk\/#website","url":"https:\/\/ringstedkoret.dk\/","name":"Ringstedkoret","description":"","publisher":{"@id":"https:\/\/ringstedkoret.dk\/#organization"},"potentialAction":[{"@type":"SearchAction","target":{"@type":"EntryPoint","urlTemplate":"https:\/\/ringstedkoret.dk\/?s={search_term_string}"},"query-input":{"@type":"PropertyValueSpecification","valueRequired":true,"valueName":"search_term_string"}}],"inLanguage":"da-DK"},{"@type":"Organization","@id":"https:\/\/ringstedkoret.dk\/#organization","name":"Ringstedkoret","url":"https:\/\/ringstedkoret.dk\/","logo":{"@type":"ImageObject","inLanguage":"da-DK","@id":"https:\/\/ringstedkoret.dk\/#\/schema\/logo\/image\/","url":"https:\/\/ringstedkoret.dk\/wp-content\/uploads\/ikoner\/Logo-nyt.jpg","contentUrl":"https:\/\/ringstedkoret.dk\/wp-content\/uploads\/ikoner\/Logo-nyt.jpg","width":203,"height":200,"caption":"Ringstedkoret"},"image":{"@id":"https:\/\/ringstedkoret.dk\/#\/schema\/logo\/image\/"}}]}},"_links":{"self":[{"href":"https:\/\/ringstedkoret.dk\/index.php\/wp-json\/wp\/v2\/pages\/24","targetHints":{"allow":["GET"]}}],"collection":[{"href":"https:\/\/ringstedkoret.dk\/index.php\/wp-json\/wp\/v2\/pages"}],"about":[{"href":"https:\/\/ringstedkoret.dk\/index.php\/wp-json\/wp\/v2\/types\/page"}],"author":[{"embeddable":true,"href":"https:\/\/ringstedkoret.dk\/index.php\/wp-json\/wp\/v2\/users\/3"}],"replies":[{"embeddable":true,"href":"https:\/\/ringstedkoret.dk\/index.php\/wp-json\/wp\/v2\/comments?post=24"}],"version-history":[{"count":46,"href":"https:\/\/ringstedkoret.dk\/index.php\/wp-json\/wp\/v2\/pages\/24\/revisions"}],"predecessor-version":[{"id":18706,"href":"https:\/\/ringstedkoret.dk\/index.php\/wp-json\/wp\/v2\/pages\/24\/revisions\/18706"}],"wp:attachment":[{"href":"https:\/\/ringstedkoret.dk\/index.php\/wp-json\/wp\/v2\/media?parent=24"}],"curies":[{"name":"wp","href":"https:\/\/api.w.org\/{rel}","templated":true}]}}